late the greatest common factor of 83 and 747.
83
Calculate the greatest common factor of 319 and 88.
11
Calculate the greatest common factor of 2 and 47.
1
Calculate the highest common divisor of 34 and 16507.
17
What is the highest common divisor of 768 and 48?
48
What is the highest common divisor of 116 and 4756?
116
Calculate the greatest common divisor of 3918 and 30.
6
Calculate the greatest common factor of 162 and 114.
6
What is the highest common factor of 154 and 1826?
22
Calculate the highest common factor of 3555 and 79.
79
What is the greatest common factor of 667 and 483?
23
Calculate the greatest common factor of 284 and 2059.
71
What is the highest common factor of 35 and 224?
7
What is the greatest common divisor of 95 and 133?
19
Calculate the greatest common factor of 645 and 120.
15
Calculate the greatest common divisor of 100 and 8.
4
Calculate the highest common divisor of 77 and 27181.
77
Calculate the greatest common factor of 29 and 8.
1
What is the highest common divisor of 1932 and 8?
4
What is the greatest common divisor of 260 and 1196?
52
Calculate the greatest common factor of 481 and 52.
13
Calculate the greatest common divisor of 492 and 9.
3
Calculate the highest common factor of 812 and 28.
28
Calculate the highest common factor of 18 and 12618.
18
What is the highest common divisor of 5874 and 6?
6
Calculate the highest common factor of 754 and 58.
58
Calculate the highest common factor of 7476 and 24.
12
Calculate the greatest common factor of 115 and 95.
5
Calculate the highest common divisor of 179 and 5191.
179
Calculate the greatest common divisor of 139 and 2.
1
Calculate the highest common factor of 17893 and 29.
29
Calculate the highest common factor of 335 and 201.
67
Calculate the highest common factor of 36 and 63.
9
Calculate the greatest common factor of 2744 and 8.
8
Calculate the highest common divisor of 950 and 152.
38
Calculate the highest common factor of 130 and 9490.
130
Calculate the greatest common divisor of 506 and 5842.
46
Calculate the highest common divisor of 16 and 9056.
16
Calculate the highest common factor of 64959 and 177.
177
What is the greatest common divisor of 16 and 3680?
16
What is the greatest common factor of 28 and 304?
4
Calculate the highest common factor of 55 and 2585.
55
Calculate the highest common factor of 8 and 392.
8
What is the highest common factor of 42 and 168?
42
Calculate the greatest common factor of 40 and 90.
10
What is the greatest common factor of 30 and 93?
3
What is the greatest common divisor of 78 and 2067?
39
Calculate the highest common divisor of 625 and 160.
5
Calculate the greatest common divisor of 871 and 13.
13
Calculate the greatest common divisor of 2475 and 50.
25
Calculate the highest common factor of 2289 and 420.
21
What is the highest common factor of 602 and 10?
2
What is the greatest common divisor of 85 and 34?
17
What is the greatest common divisor of 6 and 111?
3
What is the highest common divisor of 274 and 14?
2
What is the highest common divisor of 80 and 1920?
80
What is the greatest common factor of 24168 and 24?
24
What is the greatest common factor of 506 and 77?
11
What is the greatest common factor of 80 and 280?
40
Calculate the highest common divisor of 209 and 11.
11
Calculate the greatest common factor of 183 and 1159.
61
What is the highest common divisor of 858 and 66?
66
What is the highest common factor of 9 and 243?
9
What is the greatest common divisor of 7 and 5502?
7
Calculate the highest common factor of 80 and 1616.
16
What is the greatest common divisor of 160 and 25?
5
Calculate the highest common divisor of 407 and 111.
37
Calculate the greatest common divisor of 33 and 132.
33
What is the highest common factor of 209 and 517?
11
What is the greatest common factor of 13034 and 152?
38
Calculate the greatest common factor of 2916 and 12.
12
What is the greatest common divisor of 3591 and 684?
171
What is the highest common factor of 374 and 2486?
22
Calculate the highest common factor of 472 and 19116.
236
Calculate the highest common divisor of 3146 and 702.
26
What is the highest common factor of 451 and 41?
41
Calculate the greatest common factor of 603 and 387.
9
Calculate the greatest common divisor of 8190 and 270.
90
What is the highest common divisor of 999 and 3?
3
What is the highest common divisor of 480 and 30?
30
What is the greatest common factor of 16 and 656?
16
What is the highest common divisor of 16 and 64?
16
Calculate the highest common divisor of 754 and 58.
58
What is the highest common factor of 1450 and 2030?
290
What is the highest common divisor of 45 and 3915?
45
Calculate the greatest common divisor of 11120 and 8.
8
What is the greatest common factor of 122 and 2501?
61
What is the greatest common divisor of 60 and 11610?
30
What is the highest common factor of 12 and 348?
12
What is the highest common divisor of 18 and 144?
18
What is the highest common divisor of 72 and 184?
8
What is the highest common factor of 230 and 25760?
230
What is the greatest common factor of 8 and 50?
2
Calculate the highest common factor of 11232 and 64.
32
What is the highest common factor of 12 and 3476?
4
Calculate the highest common factor of 97 and 97.
97
Calculate the highest common divisor of 152 and 8.
8
Calculate the highest common factor of 110 and 286.
22
What is the highest common divisor of 198 and 54?
18
Calculate the highest common factor of 61522 and 38.
38
Calculate the greatest common divisor of 25 and 80.
5
Calculate the highest common factor of 34 and 2006.
34
What is the greatest common divisor of 715 and 2015?
65
What is the greatest common divisor of 56832 and 384?
384
Calculate the highest common factor of 567 and 693.
63
Calculate the highest common factor of 48488 and 58.
58
Calculate the highest common factor of 72 and 136.
8
Calculate the greatest common divisor of 13143 and 429.
39
What is the highest common factor of 6430 and 20?
10
Calculate the highest common divisor of 20 and 360.
20
Calculate the greatest common factor of 144 and 336.
48
What is the greatest common factor of 3474 and 18?
18
What is the highest common factor of 80 and 170?
10
Calculate the highest common divisor of 60 and 9140.
20
Calculate the greatest common divisor of 315 and 210.
105
Calculate the greatest common factor of 22744 and 8.
8
Calculate the greatest common factor of 105 and 60.
15
What is the highest common divisor of 1095 and 15?
15
Calculate the greatest common factor of 54 and 36.
18
Calculate the highest common factor of 12 and 492.
12
Calculate the greatest common factor of 27 and 99.
9
What is the greatest common factor of 6 and 129?
3
What is the highest common divisor of 378 and 108?
54
What is the highest common factor of 116 and 31552?
116
Calculate the greatest common divisor of 508 and 82.
2
What is the highest common factor of 23 and 161?
23
What is the highest common divisor of 187 and 55?
11
Calculate the greatest common divisor of 6 and 906.
6
Calculate the highest common factor of 4964 and 438.
146
Calculate the greatest common divisor of 2432 and 256.
128
What is the greatest common factor of 1314 and 9?
9
Calculate the highest common factor of 78 and 676.
26
What is the greatest common factor of 28 and 182?
14
What is the greatest common divisor of 9 and 37557?
9
Calculate the highest common factor of 4619 and 403.
31
What is the highest common divisor of 114 and 6555?
57
Calculate the highest common divisor of 30218 and 58.
58
What is the highest common factor of 1 and 25?
1
Calculate the greatest common divisor of 21 and 8974.
7
Calculate the greatest common divisor of 108 and 96.
12
What is the highest common factor of 23 and 32959?
23
What is the greatest common divisor of 66 and 534?
6
Calculate the greatest common factor of 580 and 40.
20
What is the highest common divisor of 286 and 187?
11
What is the highest common factor of 18276 and 12?
12
Calculate the highest common factor of 29 and 9019.
29
What is the greatest common factor of 105 and 45?
15
Calculate the highest common factor of 34 and 3247.
17
Calculate the greatest common factor of 297 and 918.
27
What is the highest common divisor of 189 and 657?
9
Calculate the greatest common f